is the value of (8 - (-6 + 0 + 2 - -6)) + 14?
20
What is the value of -26 - (7 + (-1 - 16))?
-16
Calculate 14 + -3 + 0 + -1 + -5 + 3.
8
Calculate 30 - (22 - 37) - 12.
33
(-26 - (1 - 1)) + (-44 - 127) + 181
-16
Calculate 4 + -38 + 5 + 14.
-15
Evaluate -14 - (-66 + 23 - (-12 - -2)).
19
Calculate 4 + -4 + (-2 - (-8 + 3 - -8)).
-5
Calculate 0 + 19 - (11 + -14 + 15 - 11).
18
Calculate -92 + 29 - -36 - (2 - 8).
-21
Evaluate 6 + (1102 + -1096 - (1 + 6 + 1)).
4
Calculate -77 - -121 - (23 - -3).
18
Evaluate (41 - 1) + (2375 - 2427).
-12
What is the value of 365 + -356 + (3 - (-15 + 4))?
23
Evaluate 23 + (43 - 5) + -33.
28
Evaluate -10 + 14 + (-5 - (-1 + 2)) - -15.
13
Evaluate (5 - (8 + -5) - 8) + 11 + -10.
-5
What is (2 + 2 - 3) + (11 - 16) - -5?
1
2 + -2 + -49 + 52 - 6
-3
-1 + (31 - 62) + 8
-24
-38 + (63 - 30) + -5
-10
Calculate -17 - (-7 - (-12 + 20 - 8)).
-10
Evaluate (3 - (-7 + -9 - -6 - -11)) + 9.
11
What is -61 - -53 - (-1 - 17) - (0 - 7)?
17
What is -22 - -1 - (-232 + 221)?
-10
What is (2 - (-9 + 8)) + (-2 - 28)?
-27
What is (-1 - 7) + 52 + -39 + 8?
13
Calculate 3 + 3 - -3 - (5 - -3).
1
(-101 - -127) + (-50 - -7)
-17
What is the value of 22 - (0 + 9) - 17?
-4
Evaluate 3 + -7 + (-7 - -1).
-10
Evaluate (-1 + 4 - 3) + (4 + -3 - 8).
-7
What is 21 + (-20 - 14) + 13?
0
(17 + (9 - 16) - 6) + 2
6
-27 - (47 + -32 - 33)
-9
What is the value of -12 - (-4 + 2) - (68 + -76)?
-2
Evaluate 14 - (16 + -14) - 12.
0
Evaluate (49 - 48) + (3 - -9) - 1.
12
What is the value of 40 - 36 - (-3 + 2 + 0 + 21)?
-16
13 + (0 + (0 - (3 - 3)) - 5)
8
5 + 0 - (-11 - (-21 - -12)) - -6
13
What is 29 + -30 + -2 + 5?
2
What is the value of -3 + -7 + 14 + 2?
6
Calculate 5 - (13 + (-17 - -18)).
-9
What is the value of 10 - (1 - (-2 + 0) - (-1 - -1))?
7
What is -12 - (-2 - (-1 + -4))?
-15
What is (1 - -13) + (-12 - (-14 - (-11 - -8)))?
13
Calculate -2 + (27 - (-3 + 4 + 7)).
17
1 - (7 + -13 + 7)
0
Calculate (33 - 9) + -23 - (1 + -3).
3
Evaluate (1 + 4 - 7) + (20 - 7 - 6).
5
1 + -23 + 20 - 8
-10
Calculate -1 + 24 - (14 - (1 - -6)).
16
(14 + -2 - 10) + -7
-5
What is the value of 36 + 1 + -2 + -76 + 67?
26
Calculate 1 + 18 + 5 + -17.
7
What is the value of -27 + 17 + -4 + 20?
6
(-1 - -12) + (-139 - -127) - (-2 - -4)
-3
Calculate 48 + (-2 - (-11 + 42)).
15
What is the value of 14 - 1 - ((33 - 26) + 24)?
-18
6 - (5 + -5 + 2) - -8
12
Calculate 14 + -19 + -17 - 3.
-25
What is the value of -14 + (-7 - -11 - -4) + 15?
9
What is the value of -4 + (-30 + 14 - -11)?
-9
What is -9 - -9 - 5 - (-2 + -1)?
-2
Evaluate (5 - (11 + -3)) + 12 + (0 - 6).
3
What is -547 - -501 - (1 - 83)?
36
What is the value of 23 + -2 + (241 - 299)?
-37
Calculate -12 + (0 - (14 - 0)) + 9.
-17
What is 21 + -2 - (-6 + (9 - -6))?
10
What is 9 - (-13 - -6) - 35?
-19
(-19 + 13 - (-4 - 2)) + 6 - -9
15
Evaluate 21 - ((-3 - -5) + 6 - -1).
12
What is 8 + 16 + 1 + -26?
-1
What is 0 + 28 + (-228 - -220) + (3 - 2)?
21
Calculate (-15 + -5 - -14) + -1 + 15.
8
-7 - (-24 - (7 - (17 + -1)))
8
2 + -1 + -11 + -2 + 5 + -1
-8
What is 4 + (4 - 7) + 7?
8
Evaluate 291 + -288 + (0 - 0 - (0 + -2)).
5
What is the value of 0 + 1 - (239 - 242)?
4
What is the value of 20 + 10 + (-32 + 38 - (1 + 8))?
27
-12 + 1 - (-1017 + 992)
14
Calculate 3 + 4 - ((-4 - (-8 - -3)) + 4).
2
11 - (29 - (0 - -12)) - -2
-4
Calculate (-428 - -422) + 37 + (3 - 2).
32
(-8 - -45 - 27) + 1 + -4
7
15 + -13 - (7 + -31 + 15)
11
What is 2 - (-2 - (3 + 6 + -1 + -8))?
4
Calculate -3 - ((10 - (-3 - -17)) + 11).
-10
What is the value of -3 + -7 + 20 + -9 - (7 + 0)?
-6
What is -41 - -46 - (15 + -24)?
14
Calculate 39 + -29 - (5 - (-1 - -7) - 8).
19
Evaluate -5 - -1 - -2 - (67 + -80).
11
What is the value of (-1 - -1) + 1 + (-59 + 101 - 43)?
0
4 + -6 + 7 + -15
-10
What is the value of -175 + 182 - ((21 - (-1 + 2)) + -2)?
-11
Calculate (-15 + 2 - -2) + 2 - (-4 - 2).
-3
(-12 - (10 + -12)) + 0 + 4 + -10
-16
What is the value of -7 - ((-19 - -19) + 1 + -4 - 0)?
-4
Calculate -5 + (21 - 19 - (-3 + -19 + 5)).
14
Calculate (302 - 316) + 1 + -15 - -4.
-24
What is the value of (0 - -13) + -28 + (16 - -20)?
21
What is 6 + 1 + -16 + 12 + 14?
17
Evaluate -17 - (0 + 7 - 16).
-8
Evaluate (-1 - -6 - -1) + (-28 - -17 - 0).
-5
What is the value of 8 + 19 + -40 + 3?
-10
What is the value of 15 + (-10 - -7) + (-8 - -2)?
6
Calculate (6 - (7 - (12 - 4))) + -9.
-2
What is the value of 9 + (-12 - 7) - (-9 - 25)?
24
What is -11 + 7 - 11 - -6?
-9
Calculate (5 - ((2 - 0) + -4)) + (82 - 106).
-17
What is the value of -2 + -2 + -1 + 1 + (521 - 516)?
1
What is (30 - 6 - 6) + 4 + 0?
22
What is (2 - 3) + (0 - -1 - 2) + 0?
-2
Evaluate -6 + (-23 - (-23 - -10)).
-16
What is -3 - 2 - (23 + -33 + (3 - 0))?
2
What is the value of -8 + (-2 - 4) + (-5 - -1) + -2?
-20
Evaluate 2 + (15 - (0 - -36)).
-19
Evaluate (9 - 17) + -3 - -17.
6
Calculate (5 - 2) + -12 + 14 + 0.
5
What is the value of 1 + -7 + 8 + -4 + 8 + -2?
4
Evaluate 12 + -12 + (8 + -3 + -2 - 15).
-12
Calculate (1 - -18) + -11 - 22.
-14
Evaluate -1 + -1 - (-3 - (-19 - (6 - 7))).
-17
What is 0 - (8 + -6 - 3) - 5?
-4
Calculate 12 - 6 - ((13 - 14) + (1 - -2)).
4
(17 - 19) + 1 + -1
-2
What is the value of -10 + (-13 + 28 - 5)?
0
Evaluate (33 + 32 - 45) + -10.
10
Calculate 2 - (-1 + 0) - 11.
-8
Calculate (-11 - -10 - -9) + -5 + -5 + 11.
9
-36 - -8 - -25 - (-3 - (-30 + 3))
-27
What is the value of 3 - (-1 - 3 - (17 + (-26 - -1)))?
-1
What is 3 + 33 - (98 + -80) - 9?
9
What is the value of (-6 + 14 - (7 + 5) - 4) + -5?
-13
-2 + (33 - -4) - (-41 + 53)
23
What is the value of (279 - 291) + (4 - (-1 - 0)) - -6?
-1
What is 5 + (-5 - (9 + 4) - (32 - 23))?
-22
What is the value of -1 + -1 + (16 - (51 - (10 + 7)))?
-20
Evaluate -7 + (-1 - (-15 + 7) - (7 - 1)).
-6
What is 5 + -14 + 8 + -17 + 14?
-4
(2 - -4 - 4) + (17 - -1)
20
What is 4 + 0 + 0 + (-28 - -31) + -1?
6
What is the value of -23 + 6 - 6 - -17?
-6
(-5 + 7 - (-8 - (-7 - 8))) + 10
5
-9 - (-14 - (-30 - -2)) - -4
-19
-5 + (-14 + 24 - -3)
8
Calculate 24 + -6 + 24 + -19.
23
Calculate (13 - (16 - 20 - -18)) + 21 + 1.
21
44 - ((23 - 18) + 16 + -11)
34
What is -24 + 53 + (-2 - -4 - 7)?
24
Evaluate 5 - (-25 + 12 + 13 - (1 + 0)).
6
What is 40 + (-43 - -10) + 4?
11
Calculate (-22 - -67) + -12 - 7.
26
What is 3 + (-1 + -2 - -3) + -4?
-1
-4 + 6 + 2 + -8 - -9
5
Calculate 3 + -18 + 15 + (-9 - -2).
-7
Evaluate (12 - (1 - (3 + -3))) + 8 + -15.
4
Calculate 2 - (-14 - -30) - -16.
2
Calculate -1 + (14 + -24 - -36) + -1 + -6.
18
Calculate 16 + -4 + 0 + (-8 - 0).
4
What is the value of 66 - 73 - (-2 - 17)?
12
Evaluate 2 + (-1 - 12) + (-2 + -1 - -7).
-7
Evaluate -6 - 1 - (17 - 32) - -2.
10
What is the value of -9 + (4 - 4) + 10 - (30 - 7)?
-22
Evaluate 5 + 6 + (4 - 11) + 3.
7
What is the value of 7 + 0 + 6 + -6 - 2 - 27?
-22
Calculate 6 + (-11 - (12 + -10)).
-7
(-3 - -2) + (12 - (52 - 35))
-6
What is the value of (-2 - (-2 + -2)) + (-23 - (12 - 31))?
-2
(4 - (2 - (7 + -1 + -4))) + -14
-10
6 + (2 - (16 - 3))
-5
1 + -5 + 1 + 219 + -212
4
What is (-143 - -154) + (1 + 0 - (-3 - -4))?
11
Evaluate -4 - ((1 - 8) + 0).
3
What is the value of (30 - 4) + 70 + -103?
-7
18 + 5 + -9 + -29 + 1
-14
(-59 - -66) + (1 - -12)
20
What is (6 - 10 - -9) + -1 - -6?
10
What is (4 - (6 + 1)) + (2 + -2 - 1)?
-4
Calculate 5 - (-7 - (-10 - 30 - -10)).
-18
(-4 - ((1 - 7) + -25 + 24)) + -29
-26
Calculate -57 - -41 - (-1 - -4).
-19
What is the value of 67 + (-53 - (7 - 22))?
29
Calculate (3 - 3) + 2 - -3 - 9.
-4
Calculate 6 - -3 - (-1 + 4 + 0).
6
Evaluate -29 + 7 + 20 + -13 + 37.
22
What is -27 - -40 - (1 - -4)?
8
Calculate -15 - -10 - (38 + -16 + 12).
-39
(-7 - -6 - -9) + (10 - 14) + -9
-5
Calculate 8 + 12 - 20 - (-5 + -1).
6
Calculate -1 - (-5 + -8 + 17 + (-5 - -1)).
-1
What is the value of (12 - (12 - 6)) + (-1 - 4) - 6?
-5
What is -19 + 1 + -11 + (-4 - 1 - -25)?
-9
What is the value of -20 + 12 - (-11 - (2 - 8)) - 18?
-21
What is 6 + (-1 - (-3 + (3 - -1 - 4)))?
8
(-21 - (-8 + -13)) + -5
-5
What is 3 + (0 - (-1 - -1)) + -6 + 9?
6
Calculate (14 - 3) + (-206 - -186).
-9
Calculate -28 - (-22 - -15 - -2).
-23
18 + 13 + -17 + -26
-12
-4 + -7 + -2 + 24
11
What is 3 - 35 - (620 + -648)?
-4
Calculate -2 + (0 + (-2 - 1) + 4 - 3).
-4
Evaluate -29 + (-17 - -20) + 25.
-1
Calculate 13 - (-1 - (-4 - 15)).
-5
Calculate 34 - (6 + -8 - (-1 - 4)).
31
Calculate -119 - -126 - (11 - -1) - -7.
